uppose 0 = 4*t - j - l, 32 = 3*t - t - 5*j. Let c(i) = 12*i + i**2 - 2*i**2 - 2 - t*i. Calculate c(-3).
-14
Let k = -1 + 5. Suppose -5*x + 4*j - 25 = 2*j, k*j = -2*x + 14. Let f(p) = 4*p - 21. Let n(q) = -5*q + 36. Let o(h) = 5*f(h) + 3*n(h). Calculate o(x).
-12
Let h(z) = 4*z**2 - 2*z + 2. Let s(d) = 2 + 5*d**2 + 1 - 3*d + 0*d**2. Let o(p) = -4*h(p) + 3*s(p). Calculate o(-4).
-11
Let z = 45 + -38. Let a(s) = -s**2 + 6*s + 3. Let i be a(z). Let j(m) = m**2 + 4*m + 6. Give j(i).
6
Suppose 2*s = -4*o - 12, 0*o + 3*s = -5*o - 15. Let h(n) = 4*n**2 + 4*n + 4. Determine h(o).
28
Let d = -2373 + 2361. Let m(f) = -f**2 - 12*f + 4. Calculate m(d).
4
Let i(l) be the second derivative of l**5/20 - 5*l**4/6 - l**3/3 + 13*l**2/2 + 98*l + 1. Determine i(10).
-7
Let y = 37 - 25. Suppose 18*j = y*j - 12. Let f(n) = -4*n - 3. Determine f(j).
5
Let w(o) = o**3 - 2142 - 2149 + 4289 - 2*o**2 + 4*o. Determine w(2).
6
Let u(n) = -n**3 - n**2 + 4. Let c(q) = -6*q**3 - 10*q**2 - 3*q + 21. Let a(z) = -c(z) + 5*u(z). Let o be -1 + (-1)/((-3)/(-9)). What is a(o)?
3
Let f be -5*(20/12 - (-56)/(-21)). Let z be 8 - (3 - 0)/3. Let d(q) = -z*q + 4 + q**2 + 2*q - 2*q. Determine d(f).
-6
Let r(f) = -3*f + 727 - 1437 + 715. Determine r(-3).
14
Suppose -o - 5*r = 13, -3*o = 5*r - 3 + 12. Suppose -3*a = o*a + 15. Let n(g) = -3 - g - 3 + 7. Calculate n(a).
4
Let f(l) = l**3 - 3*l**2 + 3*l - 1. Let h be f(2). Let w(c) = -c - 1. Let z(r) = -4*r - 7. Let b(s) = h*z(s) - 3*w(s). Determine b(3).
-7
Let a = -175 - -176. Let q(h) = -5*h**3 + h**2 - h + 1. Calculate q(a).
-4
Let p(i) = 2*i + 15. Let c = 128 + -137. What is p(c)?
-3
Let g be (-3 + 0)/((-3)/(-34)). Let h = g + 36. Let d be (h - -1) + 2 + -3. Let o(c) = 3*c**2 - 4*c + 3. Give o(d).
7
Let x(i) = -i**2 + 6*i - 7. Let j(q) = 4*q**2 - 14*q - 23. Let t be j(5). Give x(t).
-14
Let w(l) = -1 - 9*l - 12*l - 16*l - 4 + 33*l. Determine w(10).
-45
Let o(q) = -3*q + 5*q + 5 - 3 + 1. Let v be o(0). Let j(u) = 3*u**3 + u + 3 - v*u**3 - 4 - u**2 - 4*u**3. What is j(1)?
-5
Let x be 10 - 7 - (2 + 1). Let h(b) = 2 - b**3 + 0*b**3 + 2*b - b. What is h(x)?
2
Let n(b) be the first derivative of -b**3/3 + 7*b**2/2 - 4*b - 90. Calculate n(5).
6
Let q be (-1648)/12 + 12/9. Let s = 134 + q. Let v(r) = -r**3 - 5*r**2 + 2. Give v(s).
-10
Let q(r) be the second derivative of r**4/12 - 5*r**3/6 - 5*r**2/2 - 6*r - 2. Determine q(8).
19
Let n be (-9)/(-15) + 0 + 561/15. Let i(u) = 38 + 10*u - n - 2*u + u**2. Calculate i(-6).
-12
Suppose -r = 3*m + 4, 5*r - 2 = 4*m + 16. Let c(z) = 2 + r + 2 - z + 0*z. Suppose -3*g = 2*l - 17, -3*g - 3 = 5*l - 23. Give c(g).
1
Let i(h) = 5*h**3 - 8*h**2 - 6*h + 8. Let s be 8/(-6)*(2 + 1). Let y(n) = 14*n**3 - 23*n**2 - 17*n + 23. Let z(g) = s*y(g) + 11*i(g). Give z(3).
11
Let t(p) = 2 + 0 + p**3 - 8*p + 7*p. Suppose 6*y + 15 - 15 = 0. Determine t(y).
2
Let s(n) = -n - 13. Suppose -28 - 42 = -2*p. Suppose -28*m + 49 = -p*m. Calculate s(m).
-6
Let m = -2 - -7. Let z be (-2)/m - 4/(-10). Let y(g) = g + z + g**2 + 0 + 6. Calculate y(0).
6
Let c(y) = 5 - 13*y + y**2 - 13 + 6 + 9. Calculate c(5).
-33
Suppose a + 1 = -2*m, -5*m - 15 + 5 = 5*a. Let u(w) = w**2 + 2*w + 3. Give u(a).
6
Let l(i) = -i. Let q be l(-3). Suppose 4*a - 4*f - q = -7, -5*f = 3*a - 21. Let v(r) = -2 + 82*r + 82*r - 253*r + 87*r. Determine v(a).
-6
Let a(k) = -5*k**2 + 2. Let u(f) = -4*f**2 - f + 3. Let g(h) = -3*a(h) + 4*u(h). Let b be 16/(1 + -1 + 2). Let i = 2 - b. Give g(i).
-6
Let t(s) be the first derivative of 2 + 0*s**2 + 3/4*s**4 + 1/3*s**3 - s. Suppose 7 = -5*b + 2. Give t(b).
-3
Let q(f) = -2003 - f - 2002 + 3999. Calculate q(3).
-9
Suppose -17*c + 9*c = -56. Let m(o) = -o**2 + 5*o + 7. Let p be m(c). Let n(s) = -s**2 - 9*s - 7. Give n(p).
7
Let s(u) = u**2 - 6*u + 3. Suppose -18 = 35*d - 37*d. Let p(z) = -2*z**2 + 12*z - 6. Let i(y) = d*s(y) + 4*p(y). Give i(5).
-2
Let j(h) = -3*h**2 - h + 1. Suppose -31 = -3*w + 5*b, -2*w + 3*b + 12 + 7 = 0. Calculate j(w).
-13
Let i(s) be the second derivative of -s**3/2 + 5*s**2/2 - s + 184. What is i(4)?
-7
Let x(z) = 4*z + 3. Suppose -3*s + 0*o = -2*o + 17, 2*o - 20 = 4*s. Let w(l) = 9*l + 7. Let m(d) = s*w(d) + 7*x(d). Give m(-1).
-1
Let d be (-2)/7 + (46/14 - 1). Let z(g) be the first derivative of 1/3*g**3 + 3 + 3*g - 5/2*g**2. Give z(d).
-3
Let x(j) be the second derivative of j**4/12 + 7*j**3/6 - 7*j**2/2 - 7*j - 75. Give x(-8).
1
Let c(r) = -r**3 + 3*r**2 - r - 3. Suppose g + 3*l + 5 = 2, -2*g + l + 8 = 0. Let z be c(g). Let n be 3 + (z - 0) - 0. Let k(t) = t**2 + 5*t - 4. Give k(n).
-10
Let j(v) = 2*v**2. Let k be j(-5). Let f be (16/10)/(20/k). Let o be 212/44 - f/(-22). Let n(l) = l**3 - 4*l**2 - 4*l - 5. Calculate n(o).
0
Let r be 14/(-35) - 234/15. Let f be ((-12)/r)/(2/16). Let x(l) = -l**3 + 6*l**2 + l - 4. What is x(f)?
2
Let t be -1*-7*(-3 - -4). Let y(f) = f**2 + 3 + 3*f - 8*f - 8. Calculate y(t).
9
Let f(w) = -49 + 8*w**2 - w**2 + 25 - 6*w**2. What is f(0)?
-24
Let m(y) be the first derivative of y**4/4 + 7*y**3/3 - 9*y**2/2 - 14*y + 449. Give m(-8).
-6
Let n(z) = 4*z**3 - 4*z**3 - 9 + 0*z**3 + 7 + 6*z**2 + 6*z + z**3. Determine n(-5).
-7
Suppose 25*u - 28*u = 0. Let k(z) = 3*z - 4. What is k(u)?
-4
Let x = 13 + 8. Let u = -24 + x. Let v(g) = -6*g + 2 + 8*g - g. Calculate v(u).
-1
Let t(g) = g**2 - 12*g + 1. Let l(n) = n**2 + 12*n + 34. Let f be l(-10). Calculate t(f).
29
Let z(i) be the second derivative of -i**5/20 + i**3/6 - i**2/2 + 3*i. Suppose 3*x + 18 = 21. What is z(x)?
-1
Let u = -26 - -22. Let n(y) = 4*y - y**3 + 2820 - 2825 - 2*y**2 + 0*y**2. Calculate n(u).
11
Let i(y) = -4 - y**3 + 2 + 3*y - 2 - 2*y**2. Let v(p) = -p**2 + 9*p - 17. Let g be v(7). What is i(g)?
-4
Let f = 54/7 + -317/42. Let l(c) be the third derivative of -1/6*c**4 + f*c**3 + 0*c + 0 - 3*c**2. Calculate l(1).
-3
Let h(n) = 7*n**2 - 2*n - 8. Let w(d) = 6*d**2 - 2*d - 11. Let i(k) = 3*h(k) - 2*w(k). Give i(2).
30
Let y(o) = o**2 - 6*o + 7. Let i be y(5). Suppose 7*r - i*r - 25 = 0. Let v(j) = -3*j + 2*j + 1 - 3. Give v(r).
-7
Let h(c) = -3*c - 7. Let o be h(-2). Let f(z) = z**3 + 3*z**2 + z. Give f(o).
1
Let n(w) = 3*w**3 - 4 + w**2 - 9*w**2 - 4*w**3 - 9*w. Let x be (-14 - (5 - 5)) + (24 - 17). Give n(x).
10
Let y be -3*(-5)/5 + -93. Let x = 89 + y. Let k(u) = -23*u**2. Give k(x).
-23
Let o(s) = 90*s - 172*s + 9 - 44 + 75*s. Give o(-4).
-7
Let k(d) be the third derivative of -7*d**2 + 0*d - 1/24*d**4 + 1/3*d**3 + 0. Let j(p) = 3*p - 2. Let c be j(2). Give k(c).
-2
Let u(b) be the second derivative of -b**4/12 - b**2/2 + 118*b. Calculate u(5).
-26
Let b(c) = -c**3 + 8*c**2 - 6*c - 3. Let o be b(7). Let r = 4 - -4. Let k(g) = 11*g - 21. Let x(m) = -4*m + 7. Let y(i) = r*x(i) + 3*k(i). What is y(o)?
-3
Let g = 340 + -339. Let h(s) = 14*s**3 + s**2 - 1. Determine h(g).
14
Let r(w) = -12*w - 124. Let s be r(-9). Let x(d) = d + 20. Calculate x(s).
4
Let v(y) be the third derivative of 0 + 23*y**2 + 0*y - 1/3*y**3 - 1/24*y**4. Determine v(-4).
2
Suppose -107 = 4*x + 25. Let j be (x/(-6) + -4)*4. Suppose 5*k + 29 + j = 0. Let r(p) = p**2 + 6*p - 3. Give r(k).
4
Let z(q) = -q**2 - 9*q - 4. Let i(r) = r**2 - 3*r + 4. Let g be i(3). Suppose 0 = -g*a + 3*c + 2*c - 14, -3*a - 2*c = 22. Calculate z(a).
14
Let k(c) = -c**3 - 3*c**2 - 2*c. Let x be k(-1). Let z(w) be the third derivative of x*w - 1/3*w**3 + 1/60*w**5 + 0 - 1/8*w**4 + 2*w**2. Calculate z(3).
-2
Let y(p) = 3*p. Suppose -3*h + 2*q = -29, 2*q + 22 = 3*h + 7*q. Let f(n) = 4*n + 8*n + n. Let b(u) = h*y(u) - 2*f(u). Determine b(-3).
-3
Let l(i) = -2*i**3 + i**2 - i + 1. Suppose -3*k + 10 = -8*k. Let s(q) = q**3 + 3*q**2 + q - 1. Let b be s(k). Give l(b).
-1
Let l(s) = -3 + 2*s - 2 + 3 + 5. What is l(-5)?
-7
Let x(i) be the second derivative of -i**5/24 + i**4/12 + i**3 + 18*i. Let t(m) be the second derivative of x(m). Determine t(-3).
17
Let z(q) be the third derivative of 0*q + 33*q**2 - 1/12*q**4 + 1/2*q**3 + 0. Calculate z(2).
-1
Let f(h) = -h - 9. Let a = 66 - 71. Determine f(a).
-4
Let s = 57 - 47. Let v(t) = -3*t**2 + 1 - s*t**3 + t**2 - 11*t**3 + 20*t**3. Determine v(2).
-15
Let c(h) = 2*h - 9. Let d(k) = -5 + 0 + 9 - 8 + k. Let t(n) = -2*c(n) + 5*d(n). Suppose -4*z + 6*z = -5*i - 24, 12 = -i - 4*z. Determine t(i).
-6
Suppose 0 = 4*u + 3*u - 63. Suppose 2 =